late the highest common divisor of i and 70.
14
Suppose -6 + 0 = -2*r. Suppose c - r*f = 4*c - 153, 0 = 4*c - 3*f - 232. Suppose 6*v - v - c = 0. What is the highest common divisor of v and 99?
11
Let w be 9/6 + 21/2. Let l = 5 - 9. Let u be 1 + (-46 + 2)/l. What is the highest common factor of u and w?
12
Let v = -72 + 65. Let w(r) = -r**2 - 14*r - 22. Let z be w(v). Calculate the highest common factor of 189 and z.
27
Let r be (-1)/(2/(-452)) + -5. Calculate the greatest common divisor of 13 and r.
13
Suppose -r + t + 79 = 0, 0 = 16*t - 15*t - 5. Calculate the highest common divisor of r and 126.
42
Let i(g) = 5 + g - 11 - 3*g**3 + 7*g**2 + 2*g**3. Let c be i(6). Calculate the greatest common divisor of 180 and c.
36
Suppose 0 = s - b - 243, 8*s - 5*b = 11*s - 761. What is the greatest common factor of 52 and s?
13
Let r be 2/4*0 - -195. Let j be r/3*4/4. Let b = j - 38. Calculate the greatest common divisor of b and 3.
3
Suppose -h + 67 = 2*p, 0*p = h - p - 61. Suppose -h - 16 = -5*a - 4*v, -5*v + 5 = 0. Calculate the greatest common divisor of a and 60.
15
Suppose 0*i + 2*k = 2*i - 400, -9 = 3*k. Suppose l = -2*d - 52 + i, -4*l - d + 573 = 0. What is the greatest common divisor of 13 and l?
13
Let c = -12 - -11. Let v be 0/(2*(2 + c)). Let x be v/(1 + -2) + 2. Calculate the highest common factor of 4 and x.
2
Suppose -3*s + 4135 = -2*t, -4100 = -3*s - t - 4*t. What is the greatest common factor of s and 110?
55
Let s be -9*94/((3 - 4)*2). Calculate the greatest common factor of 47 and s.
47
Let g = -34 + 42. Calculate the highest common divisor of 12 and g.
4
Let t be (15/10)/(((-4)/2)/(-1752)). What is the greatest common factor of 18 and t?
18
Suppose -5*c + 4040 = -5*s, 7*c = 8*c - 3*s - 804. What is the greatest common divisor of 360 and c?
90
Let a be ((-6)/(-5))/((-3)/(-15)). Let z = 2335 - 2317. Calculate the greatest common factor of z and a.
6
Let i = -50 + 30. Let p = i - -23. Let m be (21/(-14))/(p/(-26)). Calculate the greatest common factor of m and 117.
13
Suppose -m + 7 + 34 = -3*d, 4*d = -5*m + 262. Let c be 1 + (17 + 1)/2. Calculate the greatest common divisor of m and c.
10
Suppose -2*a + 2*w - 3*w = 40, 3*a + 42 = 3*w. Let n be 102/a*-3 - -5. Calculate the highest common factor of n and 2.
2
Let q(x) = -x - 1. Let t(f) = f**2 + 4*f + 31. Let d(b) = -5*q(b) + t(b). Let a be d(-8). Calculate the highest common divisor of 70 and a.
14
Let i = 0 + 30. Let s be ((-10)/i)/(1/(-9)). Suppose -s*j = 2*g - 98, 4*j - g = 2*g + 142. Calculate the greatest common divisor of 85 and j.
17
Let i(t) = 2*t**2 - 5*t + 4. Let x be i(3). Suppose 4*y - 14*y = -280. What is the highest common divisor of x and y?
7
Suppose -y - 3*t + 14 = -0*y, 4*y = -4*t + 16. Let i be 8 + -4 + (y - -3). Calculate the highest common factor of i and 4.
2
Suppose -13*o = -8115 - 1453. What is the greatest common factor of o and 4?
4
Let n(t) = 112*t + 8. Let g be n(5). Suppose -d = d - g. Suppose 5*i - b - 437 = 0, -2*i - 2*b + d = 102. Calculate the greatest common factor of 11 and i.
11
Suppose 5*t - 540 = -13*t. What is the highest common factor of t and 20?
10
Let s be 4/(2 - 6)*-40. Suppose 2*q = 2*x - 4*x, 4*q - s = 4*x. Suppose q*u - 124 = 86. What is the highest common divisor of 28 and u?
14
Let i(v) = v**2 + 1. Let d be i(-6). Let j = -35 + d. What is the greatest common factor of j and 3?
1
Let d be -1 - 0 - (18/6 + -84). Suppose 4*j = 14*j - d. Calculate the highest common factor of j and 24.
8
Let k = 2 + 30. Calculate the greatest common divisor of 352 and k.
32
Suppose -60*l - 22*l + 2542 = 0. Calculate the greatest common divisor of l and 3.
1
Let n(a) = -4*a + 1. Let p be n(-6). Suppose -17*o = -12*o - p. What is the highest common factor of o and 25?
5
Let a = 13 - 11. Let i be ((-34)/(-7))/1*14/2. What is the greatest common factor of i and a?
2
Let l be (-2 - -5)*(-48)/(-1). Let v be -10*5*(-2 + l/75). Calculate the highest common divisor of v and 6.
2
Let k(l) = 26*l**2 + 3*l - 15. Let q be k(2). Calculate the highest common factor of q and 76.
19
Let b(a) = -7*a**2 + 7*a + 9. Let r be b(4). Let x = -55 - r. What is the greatest common factor of 4 and x?
4
Let u = 22 - 10. Suppose -d + 5*d = t - u, -3*t + d = -25. Let i be 4 - 4 - (-62 + -2). Calculate the greatest common factor of t and i.
8
Let f(z) = z**2 - 4*z + 1. Let x be f(5). Suppose 3*y - g = 2*g + 18, -2*y = 4*g + x. Let n be -4*(-1)/4 + y. Calculate the greatest common factor of n and 28.
4
Suppose 456 = 18*h - 1074. What is the greatest common divisor of 170 and h?
85
Let s be 1/(50/60)*610. What is the greatest common divisor of s and 61?
61
Let p = -52 + 84. Suppose -3*q = -332 + p. Calculate the greatest common factor of 25 and q.
25
Let n be (32/6)/(2/9). Suppose 3*o + 4*d = 44, 2*o + 2*d - 14 = 14. What is the highest common divisor of o and n?
12
Let x = 142 + -119. Calculate the greatest common factor of 529 and x.
23
Let p(z) = 2 - 3 + 1 - 2*z. Let u be p(3). Let c be (-4 + -2)*4/u. What is the highest common divisor of 32 and c?
4
Let r = -5 - -24. Let b = 31 - r. Let a(m) = m**3 - 12*m**2 + 3*m - 12. Let t be a(b). What is the highest common divisor of 36 and t?
12
Let w be 20/(3/(-30)*-5). Suppose 0 = n - 5*s + 17, 0 = 5*n - n + 3*s - 47. Calculate the highest common factor of w and n.
8
Let u be 8/(-7)*5495/(-314). Calculate the greatest common factor of 32 and u.
4
Let a be (1 - 0) + (96 - 1). Let w = -5 - -9. Suppose -2*f + 3*g - 1 = -31, w*f = -g + 46. What is the greatest common divisor of a and f?
12
Suppose 3*m = 4*m + 4*t - 139, 3*m = 2*t + 431. Suppose 0 = -15*h + 14*h + 13. Calculate the greatest common factor of m and h.
13
Suppose 68*o - 71*o = -6. Suppose -o = -3*c + 4. What is the greatest common factor of c and 4?
2
Let r(j) = j + 3. Let t be r(2). Let f be t + -3 + -1 - -1. Suppose -10 = -a + f. What is the greatest common factor of 12 and a?
12
Let m(b) = 2*b**3 - 6*b**2 + 3*b + 1. Let c be m(4). Suppose 27 = 4*z - c. Calculate the greatest common divisor of 9 and z.
9
Suppose -3*s - 4*u = s + 8, 4*s + 3*u + 5 = 0. Let j be s/3*6 - -16. Calculate the highest common divisor of 12 and j.
6
Suppose 52 = -2*j + 4*f, -j - 2*j - f - 64 = 0. Let y = 24 + j. Calculate the highest common factor of 8 and y.
2
Let v be 5/(-1) + (-7)/7*-86. What is the greatest common divisor of 9 and v?
9
Let z = -55 + 56. Let y(o) = o + 1. Let b be y(z). Let x be (-8)/6*(-6)/4. What is the greatest common factor of b and x?
2
Let l(q) = 3*q - 9. Let t be l(8). Let g be 170/t + 4/6. Let w(j) = -2*j**3 - 7*j**2 + 9*j - 6. Let u be w(-5). What is the highest common factor of u and g?
12
Suppose 52*i = y + 54*i - 125, 0 = -5*i + 25. What is the highest common factor of 460 and y?
115
Let u = 313 - 287. Let x(o) = -79*o**3 + 2*o + 1. Let s be x(-1). What is the greatest common factor of s and u?
26
Let x be ((-4)/(-6))/((-68)/(-272)*(-8)/(-6)). Let r = 31 - -1. Calculate the highest common factor of x and r.
2
Let h = 124 - 121. Suppose 5*t - 4*t = 9. What is the highest common divisor of t and h?
3
Suppose 0 = f - 4*f + 90. Suppose -p + 2*c + 95 = 30, -p + 4*c = -55. Calculate the greatest common divisor of p and f.
15
Suppose -9*y - 3*j + 335 = -7*y, -2*y + 310 = -2*j. Calculate the greatest common factor of 20 and y.
20
Suppose 27 = 3*g - 3*w, -4*w = -g + 7 - 1. Calculate the greatest common factor of 90 and g.
10
Let h(c) = 17*c**2 - 78*c + 14. Let d be h(5). Calculate the greatest common factor of d and 35.
7
Suppose 6 = -14*a + 16*a. Let r be (a/((-12)/4))/(-1). Calculate the greatest common factor of r and 11.
1
Suppose x = 5*f + 95, 5*x = f - 0*f + 355. Calculate the greatest common factor of 238 and x.
14
Let y = -927 + 1116. Calculate the greatest common factor of y and 84.
21
Let w(k) = -21*k - 9. Suppose -4*y + 7 = 5*n + 3, 3*y + 28 = 4*n. Let x be w(y). Calculate the highest common factor of x and 50.
25
Suppose 12 = 4*i - 4, 2*n = 4*i + 14. Suppose -2*d = -n - 5. Suppose -5*r - 360 = -4*z, -7*r + 360 = 4*z - 3*r. What is the highest common divisor of z and d?
10
Let c be (4 + -1)*15/(-18)*-8. Suppose -c = -0*g - g. What is the highest common factor of g and 20?
20
Let s be (1*1/2)/((-7)/(-3948)). Calculate the highest common divisor of s and 6.
6
Let i be (-5 + -57